001 + 31120302311?
31120303312
In base 4, what is 1132 - 130302203203?
-130302202011
In base 3, what is -21 + 10112020201101102?
10112020201101011
In base 10, what is -8 - -2951667?
2951659
In base 3, what is -1010201112221011 - 22?
-1010201112221110
In base 10, what is -86487 - 5?
-86492
In base 8, what is 14 - -2361103?
2361117
In base 13, what is 139872 + 138?
1399aa
In base 3, what is 1001100110 - -12001120?
1020102000
In base 6, what is -4 - 2041143131?
-2041143135
In base 16, what is 89b + 9c0?
125b
In base 3, what is -2010 + 122011121102211?
122011121100201
In base 12, what is -421 + -3414?
-3835
In base 9, what is 2746712 - -10?
2746722
In base 3, what is -10121122 + 1121202200?
1111011001
In base 8, what is 2130615 + -45?
2130550
In base 13, what is 6c + -20479?
-2040a
In base 16, what is e34d6f - 5?
e34d6a
In base 8, what is -3 + 16276607?
16276604
In base 13, what is 122 + -6081ab?
-608089
In base 9, what is 3 + 7803218?
7803222
In base 5, what is -23302 + -221?
-24023
In base 4, what is 202220030 + 10?
202220100
In base 14, what is -3 - 1b29b00?
-1b29b03
In base 8, what is 14 + -41442331?
-41442315
In base 2, what is 0 - 110111110101011001011001?
-110111110101011001011001
In base 9, what is 310172623 - -4?
310172627
In base 7, what is 164 + -1501042?
-1500545
In base 4, what is 220003 + -20001331?
-13121322
In base 10, what is 23 - 1247079?
-1247056
In base 12, what is 51369 + -402?
50b67
In base 5, what is -130223 + 434233?
304010
In base 8, what is 1 - 5453177?
-5453176
In base 15, what is -154959 - 82?
-1549db
In base 7, what is 351253 + 14424?
366010
In base 3, what is -2101010 - -21221210222?
21212102212
In base 10, what is 969744 + -307?
969437
In base 6, what is -4 - -32542014?
32542010
In base 13, what is -2331909 + 10?
-23318c9
In base 7, what is -225346564 - -4?
-225346560
In base 11, what is 5 - 10a107631?
-10a107627
In base 12, what is -512 - -6a718?
6a206
In base 14, what is -12d9a08 - -2?
-12d9a06
In base 2, what is 11000000011010010001 + -10?
11000000011010001111
In base 4, what is 1 - 3211311001?
-3211311000
In base 4, what is -1121 + -1322232?
-1330013
In base 15, what is -3175 + -317e?
-6304
In base 11, what is 4 - -5502a88?
5502a91
In base 6, what is 145045030110 + -5?
145045030101
In base 6, what is -3 - 40150243?
-40150250
In base 16, what is 6e2f4 + -58?
6e29c
In base 8, what is 323004 + 464?
323470
In base 2, what is 11001000100111111010100000100 - -10?
11001000100111111010100000110
In base 11, what is -552489 + -210?
-552699
In base 6, what is 1235 - -40503150?
40504425
In base 5, what is -4334030 + 241331?
-4042144
In base 15, what is -483 - -cd6?
853
In base 7, what is 615201021 - -2?
615201023
In base 14, what is -206 + 1a027?
19c21
In base 7, what is 56 + 16041431?
16041520
In base 3, what is 1100020 + 12012200?
20112220
In base 3, what is -110211111010020221 + -1?
-110211111010020222
In base 15, what is 5 + 15ab7a9?
15ab7ae
In base 15, what is -4b36 + 19d97?
15261
In base 7, what is 2226 - 1323152?
-1320623
In base 3, what is -2 - 201101121000201?
-201101121000210
In base 12, what is -218922 - 11?
-218933
In base 16, what is -3615 - bf7?
-420c
In base 12, what is 31 - -188143?
188174
In base 14, what is -81068ad + 3?
-81068aa
In base 14, what is -4 - -7c27676?
7c27672
In base 2, what is -11001000110111 - -1010111101001010?
111110100010011
In base 14, what is -4331b10 - -1?
-4331b0d
In base 9, what is -2 - -1400875?
1400873
In base 2, what is -10110100011000 - 101010111?
-10111001101111
In base 3, what is -21012 + 1000221010012?
1000220212000
In base 6, what is 504414531 + 0?
504414531
In base 7, what is -1432326 + 16?
-1432310
In base 12, what is -1125 + 2a1?
-a44
In base 3, what is 1112201222000 + -2?
1112201221221
In base 8, what is -4333 + 47612?
43257
In base 14, what is 168821d32 + 4?
168821d36
In base 3, what is 0 + 2011211020202011?
2011211020202011
In base 8, what is 375017054 + -1?
375017053
In base 11, what is 140310 + -6a8?
13a713
In base 7, what is -102163152 - -4?
-102163145
In base 13, what is -3a8 - 29962?
-2a03a
In base 15, what is 934838 + -b?
93482c
In base 5, what is 401020031413 + 4?
401020031422
In base 4, what is 31021321320 + -11?
31021321303
In base 8, what is -43362 + 57?
-43303
In base 16, what is 1e433 + 1a?
1e44d
In base 13, what is 10 + -197223c?
-197222c
In base 2, what is -101001011 + 1010100101110?
1001111100011
In base 12, what is -8a3b + -37?
-8a76
In base 16, what is -63 + 8b03?
8aa0
In base 15, what is 19d49 + 242?
1a08b
In base 8, what is 1 - 174121363?
-174121362
In base 12, what is -5b03 - -ab3?
-5010
In base 3, what is 1 + -2211211221020?
-2211211221012
In base 11, what is -20 - 7726a?
-7728a
In base 5, what is 12013412 + -13?
12013344
In base 3, what is -10100 - 12121111220100?
-12121112000200
In base 12, what is 734 - 16ab?
-b77
In base 5, what is -1 - 1323343340?
-1323343341
In base 4, what is 3102 - -1101323130?
1101332232
In base 7, what is -444220502 + 2?
-444220500
In base 4, what is 11323312300 - 2100?
11323310200
In base 14, what is 15 + -305a2?
-3058b
In base 15, what is d22 + c77?
1a99
In base 5, what is -112004410 + -14444?
-112024404
In base 6, what is -1452032005 + -3?
-1452032012
In base 11, what is -56275557 + -6?
-56275562
In base 14, what is -13c38 - 14a?
-13d84
In base 6, what is -3033524 - -2323?
-3031201
In base 2, what is 0 - 11000101010000010000001?
-11000101010000010000001
In base 11, what is -1785 + 24133?
22459
In base 12, what is -5 - 356a552?
-356a557
In base 10, what is 3137860 - 2?
3137858
In base 8, what is -26665 - -20521?
-6144
In base 5, what is 423443114 + -2331?
423440233
In base 4, what is 1321 - 303003?
-301022
In base 8, what is 74 - -415563?
415657
In base 10, what is 1 + -285256442?
-285256441
In base 15, what is -2b5678 + -13?
-2b568b
In base 6, what is 22 - -12234134?
12234200
In base 15, what is 23 + -25541?
-2551d
In base 8, what is 1243626 + 1?
1243627
In base 16, what is 2dc8cc + 63?
2dc92f
In base 9, what is 38258 + 13?
38272
In base 11, what is 2797658 - -1?
2797659
In base 13, what is 1c - -506a5?
506c4
In base 2, what is -1011 + 100000010100111100010101?
100000010100111100001010
In base 5, what is -4201 - -1421341?
1412140
In base 10, what is 73 + -122360?
-122287
In base 15, what is 27cd61 + -46?
27cd1a
In base 6, what is 150315 + -114500?
31415
In base 7, what is 1433210 - 26?
1433151
In base 9, what is 81224710 - 1?
81224708
In base 12, what is -1b29081 + -3?
-1b29084
In base 11, what is 0 - -57864aa3?
57864aa3
In base 13, what is 24b2b - -3522?
28350
In base 11, what is -18 - 76a6a00?
-76a6a18
In base 11, what is 15 + 6186a8?
618712
In base 13, what is 3c - 10b163?
-10b124
In base 10, what is -5435 + -1099?
-6534
In base 5, what is -200210340112 + 1?
-200210340111
In base 3, what is -1012112202 + 11022020?
-1001020112
In base 2, what is -11011010100 + -11100101010?
-110111111110
In base 16, what is -1a9 + 76f9?
7550
In base 9, what is -200 - 127756?
-128056
In base 2, what is 110100001 - -110000011?
1100100100
In base 3, what is 10 - -2001020222200012?
2001020222200022
In base 14, what is -1c50 - -2225?
3b5
In base 12, what is -188aa17 - 19?
-188aa34
In base 15, what is 49847 - 78?
497be
In base 12, what is 1381 + 2b9?
167a
In base 5, what is -4043 + -22332422?
-22342020
In base 5, what is 112423313033 + -20?
112423313013
In base 9, what is 0 - 44874744?
-44874744
In base 10, what is -6434672 - 4?
-6434676
In base 11, what is 1103 + 2691?
3794
In base 15, what is 87977d - -2?
879780
In base 3, what is -222122220 - -1112202?
-221010011
In base 15, what is 156582e + 9?
1565838
In base 15, what is -1057c + 248b?
-d0e1
In base 11, what is 716285 - 9?
716277
In base 13, what is -4 - 1c022?
-1c026
In base 9, what is 16581 + -73518?
-55827
In base 3, what is -1022 - -1222200101121?
1222200100022
In base 5, what is 12 - -132210134104?
132210134121
In base 5, what is 0 + 1224020312?
1224020312
In base 6, what is 122454 - -2233?
125131
In base 6, what is -303114 - 102?
-303220
In base 13, what is -1582a19 - 42?
-1582a5b
In base 6, what is 333 + -24011100?
-24010323
In base 11, what is 26 + 15a0001?
15a0027
In base 5, what is 1311444 - -1104023?
2421022
In base 3, what is 1010221222 + 222202010?
2010201002
In base 1